hat is the units digit of 15595928?
8
What is the thousands digit of 1438894377?
4
What is the hundreds digit of 694174767?
7
What is the hundred millions digit of 374509918?
3
What is the hundreds digit of 962046183?
1
What is the ten millions digit of 3783288083?
8
What is the tens digit of 68966530?
3
What is the hundred thousands digit of 2916858169?
8
What is the ten thousands digit of 64771537?
7
What is the hundreds digit of 406646554?
5
What is the tens digit of 349431452?
5
What is the ten thousands digit of 1931805224?
0
What is the thousands digit of 189497318?
7
What is the tens digit of 29444366?
6
What is the units digit of 145771201?
1
What is the units digit of 226805895?
5
What is the hundreds digit of 572427375?
3
What is the tens digit of 172200679?
7
What is the ten thousands digit of 1932083938?
8
What is the hundreds digit of 231870721?
7
What is the thousands digit of 113855934?
5
What is the hundreds digit of 1825687805?
8
What is the hundred millions digit of 2130972580?
1
What is the ten thousands digit of 686513387?
1
What is the units digit of 298806311?
1
What is the units digit of 324265914?
4
What is the hundred thousands digit of 102320103?
3
What is the thousands digit of 36970479?
0
What is the hundred thousands digit of 918894328?
8
What is the ten thousands digit of 1235417811?
1
What is the millions digit of 1066042198?
6
What is the tens digit of 9236220?
2
What is the hundred thousands digit of 106322849?
3
What is the millions digit of 99216797?
9
What is the hundred thousands digit of 131131463?
1
What is the units digit of 56096685?
5
What is the ten millions digit of 670916885?
7
What is the units digit of 1175109948?
8
What is the hundreds digit of 3710917589?
5
What is the ten millions digit of 130204353?
3
What is the hundreds digit of 313892221?
2
What is the units digit of 189014398?
8
What is the hundreds digit of 785735732?
7
What is the tens digit of 379028840?
4
What is the hundred thousands digit of 96756231?
7
What is the millions digit of 59273136?
9
What is the millions digit of 192565069?
2
What is the ten millions digit of 1153259839?
5
What is the ten thousands digit of 221777674?
7
What is the millions digit of 7493677715?
3
What is the ten millions digit of 44849151?
4
What is the thousands digit of 40461926?
1
What is the thousands digit of 143667583?
7
What is the ten thousands digit of 1573137203?
3
What is the thousands digit of 406106468?
6
What is the hundreds digit of 838113156?
1
What is the hundreds digit of 475086713?
7
What is the units digit of 32599767?
7
What is the units digit of 332092085?
5
What is the ten thousands digit of 392237693?
3
What is the ten thousands digit of 2188365?
8
What is the millions digit of 46523111?
6
What is the millions digit of 422737198?
2
What is the units digit of 256032351?
1
What is the thousands digit of 715442960?
2
What is the units digit of 3441761174?
4
What is the hundred thousands digit of 368410057?
4
What is the millions digit of 2271845704?
1
What is the hundred thousands digit of 3700784783?
7
What is the tens digit of 211398765?
6
What is the billions digit of 2051293718?
2
What is the units digit of 140831235?
5
What is the hundreds digit of 5617527924?
9
What is the thousands digit of 16562515?
2
What is the ten millions digit of 1449984070?
4
What is the ten millions digit of 1067754122?
6
What is the ten thousands digit of 1597900902?
0
What is the hundreds digit of 8475531?
5
What is the units digit of 1910544803?
3
What is the thousands digit of 19304058?
4
What is the units digit of 18165306?
6
What is the ten millions digit of 418066770?
1
What is the ten thousands digit of 276136287?
3
What is the ten thousands digit of 615755554?
5
What is the tens digit of 19770291?
9
What is the millions digit of 58761938?
8
What is the hundred thousands digit of 17291512?
2
What is the millions digit of 2515064268?
5
What is the units digit of 757527615?
5
What is the ten thousands digit of 34301345?
0
What is the units digit of 125528846?
6
What is the ten thousands digit of 51029880?
2
What is the hundred thousands digit of 554414726?
4
What is the tens digit of 497381843?
4
What is the hundreds digit of 76364110?
1
What is the hundreds digit of 227670873?
8
What is the hundreds digit of 46034579?
5
What is the ten millions digit of 176908269?
7
What is the ten thousands digit of 1034262047?
6
What is the tens digit of 37256369?
6
What is the millions digit of 108296535?
8
What is the thousands digit of 2001237657?
7
What is the ten thousands digit of 20073250?
7
What is the ten thousands digit of 78732927?
3
What is the ten millions digit of 22809493?
2
What is the ten thousands digit of 670143778?
4
What is the ten millions digit of 1531155919?
3
What is the hundred millions digit of 2855638669?
8
What is the billions digit of 1544357321?
1
What is the units digit of 1084565101?
1
What is the hundreds digit of 713843423?
4
What is the thousands digit of 285525101?
5
What is the billions digit of 5787786201?
5
What is the hundred thousands digit of 981668960?
6
What is the units digit of 19863808?
8
What is the hundred thousands digit of 355309103?
3
What is the thousands digit of 103706173?
6
What is the thousands digit of 63438870?
8
What is the tens digit of 33951670?
7
What is the hundreds digit of 433982746?
7
What is the ten millions digit of 1567918339?
6
What is the units digit of 13348015?
5
What is the units digit of 2211593903?
3
What is the ten thousands digit of 605872249?
7
What is the hundred millions digit of 134090260?
1
What is the thousands digit of 2458760336?
0
What is the hundred thousands digit of 148768253?
7
What is the thousands digit of 117009684?
9
What is the units digit of 1093258129?
9
What is the thousands digit of 103711463?
1
What is the ten thousands digit of 278043042?
4
What is the billions digit of 1681327572?
1
What is the ten millions digit of 36682832?
3
What is the millions digit of 289247834?
9
What is the hundred thousands digit of 156431120?
4
What is the ten millions digit of 454516481?
5
What is the units digit of 49362375?
5
What is the ten millions digit of 83128408?
8
What is the hundred millions digit of 600154507?
6
What is the hundreds digit of 585260662?
6
What is the hundreds digit of 45253022?
0
What is the ten millions digit of 1316563041?
1
What is the hundreds digit of 70467751?
7
What is the hundred thousands digit of 19446704?
4
What is the millions digit of 199806992?
9
What is the hundred millions digit of 498048127?
4
What is the hundred thousands digit of 312176?
3
What is the ten thousands digit of 1734463490?
6
What is the ten millions digit of 505044857?
0
What is the millions digit of 56643696?
6
What is the hundreds digit of 2294788439?
4
What is the millions digit of 5185642479?
5
What is the tens digit of 351171913?
1
What is the ten millions digit of 1141713552?
4
What is the tens digit of 352468?
6
What is the ten millions digit of 63485171?
6
What is the hundred thousands digit of 153899632?
8
What is the ten thousands digit of 49757893?
5
What is the hundred thousands digit of 206110025?
1
What is the tens digit of 1992474686?
8
What is the ten thousands digit of 9456798?
5
What is the ten thousands digit of 6806196?
0
What is the hundred millions digit of 1418966135?
4
What is the ten thousands digit of 258505317?
0
What is the tens digit of 2907185536?
3
What is the thousands digit of 207048741?
8
What is the units digit of 946645984?
4
What is the hundreds digit of 3060212570?
5
What is the billions digit of 2835367216?
2
What is the ten thousands digit of 4810244352?
4
What is the ten millions digit of 88853252?
8
What is the hundred thousands digit of 173925595?
9
What is the hundreds digit of 30582356?
3
What is the tens digit of 12868999?
9
What is the hundred thousands digit of 65900106?
9
What is the tens digit of 4240209703?
0
What is the tens digit of 214345085?
8
What is the units digit of 79660458?
8
What is the ten thousands digit of 618955734?
5
What is the millions digit of 2455137554?
5
What is the units digit of 40868885?
5
What is the millions digit of 1982661?
1
What is the ten thousands digit of 47400214?
0
What is the millio